{"id":626,"date":"2024-01-28T21:34:26","date_gmt":"2024-01-28T20:34:26","guid":{"rendered":"https:\/\/fenetredelareine.com\/?page_id=626"},"modified":"2024-01-28T21:37:14","modified_gmt":"2024-01-28T20:37:14","slug":"mentions-legales","status":"publish","type":"page","link":"https:\/\/fenetredelareine.com\/?page_id=626","title":{"rendered":"Mentions L\u00e9gales"},"content":{"rendered":"\t\t<div data-elementor-type=\"wp-page\" data-elementor-id=\"626\" class=\"elementor elementor-626\" data-elementor-post-type=\"page\">\n\t\t\t\t<div class=\"elementor-element elementor-element-d59b908 e-flex e-con-boxed e-con e-parent\" data-id=\"d59b908\" data-element_type=\"container\">\n\t\t\t\t\t<div class=\"e-con-inner\">\n\t\t\t\t<div class=\"elementor-element elementor-element-e5b6eef elementor-widget elementor-widget-text-editor\" data-id=\"e5b6eef\" data-element_type=\"widget\" data-widget_type=\"text-editor.default\">\n\t\t\t\t<div class=\"elementor-widget-container\">\n\t\t\t\t\t\t\t\t\t<h1 style=\"text-align: center;\"><b>MENTIONS L\u00c9GALES<\/b><\/h1><p><span style=\"font-weight: 400;\">Conform\u00e9ment aux dispositions de la loi n\u00b0 2004-575 du 21 juin 2004 pour la confiance en l&rsquo;\u00e9conomie num\u00e9rique, il est pr\u00e9cis\u00e9 aux utilisateurs du site La Fen\u00eatre de la Reine l&rsquo;identit\u00e9 des diff\u00e9rents intervenants dans le cadre de sa r\u00e9alisation et de son suivi.<\/span><\/p><p><b>Edition du site\u00a0<\/b><\/p><p><span style=\"font-weight: 400;\">Le pr\u00e9sent site, accessible \u00e0 l\u2019URL https:\/\/fenetredelareine.com\/ (le \u00ab Site \u00bb), est \u00e9dit\u00e9 par :<\/span><\/p><p><span style=\"font-weight: 400;\">BATILAND LA FEN\u00caTRE DE LA REINE , soci\u00e9t\u00e9 au capital de 7622 euros, inscrite au R.C.S. de NANTERRE sous le num\u00e9ro RCS NANTERRE B 412 563 470, dont le si\u00e8ge social est situ\u00e9 au 160 Route de la Reine 92100 Boulogne-Billancourt, repr\u00e9sent\u00e9(e) par SOCIETE FBH EVENTS HOLDING d\u00fbment habilit\u00e9(e)<\/span><\/p><p><span style=\"font-weight: 400;\">Le num\u00e9ro individuel TVA de l\u2019\u00e9diteur est : FR 07412563470.<\/span><\/p><p><b>H\u00e9bergement<\/b><\/p><p><span style=\"font-weight: 400;\">Le Site est h\u00e9berg\u00e9 par la soci\u00e9t\u00e9 1&amp;1 \/ IONOS, situ\u00e9 7 Place de la Gare &#8211; 57200 Sarreguemines, (contact t\u00e9l\u00e9phonique ou email : (+33) 9 70 80 89 11).<\/span><\/p><p><b>Directeur de publication\u00a0<\/b><\/p><p><span style=\"font-weight: 400;\">Le Directeur de la publication du Site est SOCIETE FBH EVENTS HOLDING .<\/span><\/p><p><b>Nous contacter\u00a0<\/b><\/p><p><span style=\"font-weight: 400;\">Par t\u00e9l\u00e9phone : +33141310933<\/span><\/p><p><span style=\"font-weight: 400;\">Par email\u00a0: contact@fenetredelareine.com<\/span><\/p><p><span style=\"font-weight: 400;\">Par courrier\u00a0: 160 Route de la Reine Boulogne-Billancourt 92100<\/span><\/p><p><b>Donn\u00e9es personnelles<\/b><\/p><p style=\"text-align: left;\"><span style=\"font-weight: 400;\">Le traitement de vos donn\u00e9es \u00e0 caract\u00e8re personnel est r\u00e9gi par notre Charte du respect de la vie priv\u00e9e, disponible depuis la section \u00ab\u00a0Charte de Protection des Donn\u00e9es Personnelles\u00a0\u00bb, conform\u00e9ment au R\u00e8glement G\u00e9n\u00e9ral sur la Protection des Donn\u00e9es 2016\/679 du 27 avril 2016 (\u00abRGPD\u00bb).<\/span><\/p>\t\t\t\t\t\t\t\t<\/div>\n\t\t\t\t<\/div>\n\t\t\t\t\t<\/div>\n\t\t\t\t<\/div>\n\t\t\t\t<\/div>\n\t\t","protected":false},"excerpt":{"rendered":"<p>MENTIONS L\u00c9GALES Conform\u00e9ment aux dispositions de la loi n\u00b0 2004-575 du 21 juin 2004 pour la confiance en l&rsquo;\u00e9conomie num\u00e9rique, il est pr\u00e9cis\u00e9 aux utilisateurs du site La Fen\u00eatre de la Reine l&rsquo;identit\u00e9 des diff\u00e9rents intervenants dans le cadre de sa r\u00e9alisation et de son suivi. Edition du site\u00a0 Le pr\u00e9sent site, accessible \u00e0 l\u2019URL [&hellip;]<\/p>\n","protected":false},"author":1,"featured_media":0,"parent":0,"menu_order":0,"comment_status":"closed","ping_status":"closed","template":"","meta":{"inline_featured_image":false,"ocean_post_layout":"","ocean_both_sidebars_style":"","ocean_both_sidebars_content_width":0,"ocean_both_sidebars_sidebars_width":0,"ocean_sidebar":"","ocean_second_sidebar":"","ocean_disable_margins":"enable","ocean_add_body_class":"","ocean_shortcode_before_top_bar":"","ocean_shortcode_after_top_bar":"","ocean_shortcode_before_header":"","ocean_shortcode_after_header":"","ocean_has_shortcode":"","ocean_shortcode_after_title":"","ocean_shortcode_before_footer_widgets":"","ocean_shortcode_after_footer_widgets":"","ocean_shortcode_before_footer_bottom":"","ocean_shortcode_after_footer_bottom":"","ocean_display_top_bar":"default","ocean_display_header":"default","ocean_header_style":"","ocean_center_header_left_menu":"","ocean_custom_header_template":"","ocean_custom_logo":0,"ocean_custom_retina_logo":0,"ocean_custom_logo_max_width":0,"ocean_custom_logo_tablet_max_width":0,"ocean_custom_logo_mobile_max_width":0,"ocean_custom_logo_max_height":0,"ocean_custom_logo_tablet_max_height":0,"ocean_custom_logo_mobile_max_height":0,"ocean_header_custom_menu":"","ocean_menu_typo_font_family":"","ocean_menu_typo_font_subset":"","ocean_menu_typo_font_size":0,"ocean_menu_typo_font_size_tablet":0,"ocean_menu_typo_font_size_mobile":0,"ocean_menu_typo_font_size_unit":"px","ocean_menu_typo_font_weight":"","ocean_menu_typo_font_weight_tablet":"","ocean_menu_typo_font_weight_mobile":"","ocean_menu_typo_transform":"","ocean_menu_typo_transform_tablet":"","ocean_menu_typo_transform_mobile":"","ocean_menu_typo_line_height":0,"ocean_menu_typo_line_height_tablet":0,"ocean_menu_typo_line_height_mobile":0,"ocean_menu_typo_line_height_unit":"","ocean_menu_typo_spacing":0,"ocean_menu_typo_spacing_tablet":0,"ocean_menu_typo_spacing_mobile":0,"ocean_menu_typo_spacing_unit":"","ocean_menu_link_color":"","ocean_menu_link_color_hover":"","ocean_menu_link_color_active":"","ocean_menu_link_background":"","ocean_menu_link_hover_background":"","ocean_menu_link_active_background":"","ocean_menu_social_links_bg":"","ocean_menu_social_hover_links_bg":"","ocean_menu_social_links_color":"","ocean_menu_social_hover_links_color":"","ocean_disable_title":"default","ocean_disable_heading":"default","ocean_post_title":"","ocean_post_subheading":"","ocean_post_title_style":"","ocean_post_title_background_color":"","ocean_post_title_background":0,"ocean_post_title_bg_image_position":"","ocean_post_title_bg_image_attachment":"","ocean_post_title_bg_image_repeat":"","ocean_post_title_bg_image_size":"","ocean_post_title_height":0,"ocean_post_title_bg_overlay":0.5,"ocean_post_title_bg_overlay_color":"","ocean_disable_breadcrumbs":"default","ocean_breadcrumbs_color":"","ocean_breadcrumbs_separator_color":"","ocean_breadcrumbs_links_color":"","ocean_breadcrumbs_links_hover_color":"","ocean_display_footer_widgets":"default","ocean_display_footer_bottom":"default","ocean_custom_footer_template":"","osp_disable_panel":"default","footnotes":""},"class_list":["post-626","page","type-page","status-publish","hentry","entry"],"yoast_head":"<!-- This site is optimized with the Yoast SEO plugin v25.9 - https:\/\/yoast.com\/wordpress\/plugins\/seo\/ -->\n<title>Mentions L\u00e9gales - La Fen\u00eatre de la Reine<\/title>\n<meta name=\"robots\" content=\"index, follow, max-snippet:-1, max-image-preview:large, max-video-preview:-1\" \/>\n<link rel=\"canonical\" href=\"https:\/\/fenetredelareine.com\/?page_id=626\" \/>\n<meta property=\"og:locale\" content=\"fr_FR\" \/>\n<meta property=\"og:type\" content=\"article\" \/>\n<meta property=\"og:title\" content=\"Mentions L\u00e9gales - La Fen\u00eatre de la Reine\" \/>\n<meta property=\"og:description\" content=\"MENTIONS L\u00c9GALES Conform\u00e9ment aux dispositions de la loi n\u00b0 2004-575 du 21 juin 2004 pour la confiance en l&rsquo;\u00e9conomie num\u00e9rique, il est pr\u00e9cis\u00e9 aux utilisateurs du site La Fen\u00eatre de la Reine l&rsquo;identit\u00e9 des diff\u00e9rents intervenants dans le cadre de sa r\u00e9alisation et de son suivi. Edition du site\u00a0 Le pr\u00e9sent site, accessible \u00e0 l\u2019URL [&hellip;]\" \/>\n<meta property=\"og:url\" content=\"https:\/\/fenetredelareine.com\/?page_id=626\" \/>\n<meta property=\"og:site_name\" content=\"La Fen\u00eatre de la Reine\" \/>\n<meta property=\"article:modified_time\" content=\"2024-01-28T20:37:14+00:00\" \/>\n<meta name=\"twitter:card\" content=\"summary_large_image\" \/>\n<meta name=\"twitter:label1\" content=\"Dur\u00e9e de lecture estim\u00e9e\" \/>\n\t<meta name=\"twitter:data1\" content=\"2 minutes\" \/>\n<script type=\"application\/ld+json\" class=\"yoast-schema-graph\">{\"@context\":\"https:\/\/schema.org\",\"@graph\":[{\"@type\":\"WebPage\",\"@id\":\"https:\/\/fenetredelareine.com\/?page_id=626\",\"url\":\"https:\/\/fenetredelareine.com\/?page_id=626\",\"name\":\"Mentions L\u00e9gales - La Fen\u00eatre de la Reine\",\"isPartOf\":{\"@id\":\"https:\/\/fenetredelareine.com\/#website\"},\"datePublished\":\"2024-01-28T20:34:26+00:00\",\"dateModified\":\"2024-01-28T20:37:14+00:00\",\"breadcrumb\":{\"@id\":\"https:\/\/fenetredelareine.com\/?page_id=626#breadcrumb\"},\"inLanguage\":\"fr-FR\",\"potentialAction\":[{\"@type\":\"ReadAction\",\"target\":[\"https:\/\/fenetredelareine.com\/?page_id=626\"]}]},{\"@type\":\"BreadcrumbList\",\"@id\":\"https:\/\/fenetredelareine.com\/?page_id=626#breadcrumb\",\"itemListElement\":[{\"@type\":\"ListItem\",\"position\":1,\"name\":\"Accueil\",\"item\":\"https:\/\/fenetredelareine.com\/\"},{\"@type\":\"ListItem\",\"position\":2,\"name\":\"Mentions L\u00e9gales\"}]},{\"@type\":\"WebSite\",\"@id\":\"https:\/\/fenetredelareine.com\/#website\",\"url\":\"https:\/\/fenetredelareine.com\/\",\"name\":\"La Fen\u00eatre de la Reine\",\"description\":\"Optez pour l&#039;excellence avec la Fen\u00eatre de la reine, sp\u00e9cialiste de la pose de fen\u00eatres, volets et stores int\u00e9rieurs et ext\u00e9rieurs \u00e0 Boulogne-Billancourt.\",\"publisher\":{\"@id\":\"https:\/\/fenetredelareine.com\/#organization\"},\"potentialAction\":[{\"@type\":\"SearchAction\",\"target\":{\"@type\":\"EntryPoint\",\"urlTemplate\":\"https:\/\/fenetredelareine.com\/?s={search_term_string}\"},\"query-input\":{\"@type\":\"PropertyValueSpecification\",\"valueRequired\":true,\"valueName\":\"search_term_string\"}}],\"inLanguage\":\"fr-FR\"},{\"@type\":\"Organization\",\"@id\":\"https:\/\/fenetredelareine.com\/#organization\",\"name\":\"La Fen\u00eatre de la Reine\",\"url\":\"https:\/\/fenetredelareine.com\/\",\"logo\":{\"@type\":\"ImageObject\",\"inLanguage\":\"fr-FR\",\"@id\":\"https:\/\/fenetredelareine.com\/#\/schema\/logo\/image\/\",\"url\":\"https:\/\/fenetredelareine.com\/wp-content\/uploads\/2023\/11\/cropped-NOUVEAU-LOGO-.jpg\",\"contentUrl\":\"https:\/\/fenetredelareine.com\/wp-content\/uploads\/2023\/11\/cropped-NOUVEAU-LOGO-.jpg\",\"width\":642,\"height\":551,\"caption\":\"La Fen\u00eatre de la Reine\"},\"image\":{\"@id\":\"https:\/\/fenetredelareine.com\/#\/schema\/logo\/image\/\"}}]}<\/script>\n<!-- \/ Yoast SEO plugin. -->","yoast_head_json":{"title":"Mentions L\u00e9gales - La Fen\u00eatre de la Reine","robots":{"index":"index","follow":"follow","max-snippet":"max-snippet:-1","max-image-preview":"max-image-preview:large","max-video-preview":"max-video-preview:-1"},"canonical":"https:\/\/fenetredelareine.com\/?page_id=626","og_locale":"fr_FR","og_type":"article","og_title":"Mentions L\u00e9gales - La Fen\u00eatre de la Reine","og_description":"MENTIONS L\u00c9GALES Conform\u00e9ment aux dispositions de la loi n\u00b0 2004-575 du 21 juin 2004 pour la confiance en l&rsquo;\u00e9conomie num\u00e9rique, il est pr\u00e9cis\u00e9 aux utilisateurs du site La Fen\u00eatre de la Reine l&rsquo;identit\u00e9 des diff\u00e9rents intervenants dans le cadre de sa r\u00e9alisation et de son suivi. Edition du site\u00a0 Le pr\u00e9sent site, accessible \u00e0 l\u2019URL [&hellip;]","og_url":"https:\/\/fenetredelareine.com\/?page_id=626","og_site_name":"La Fen\u00eatre de la Reine","article_modified_time":"2024-01-28T20:37:14+00:00","twitter_card":"summary_large_image","twitter_misc":{"Dur\u00e9e de lecture estim\u00e9e":"2 minutes"},"schema":{"@context":"https:\/\/schema.org","@graph":[{"@type":"WebPage","@id":"https:\/\/fenetredelareine.com\/?page_id=626","url":"https:\/\/fenetredelareine.com\/?page_id=626","name":"Mentions L\u00e9gales - La Fen\u00eatre de la Reine","isPartOf":{"@id":"https:\/\/fenetredelareine.com\/#website"},"datePublished":"2024-01-28T20:34:26+00:00","dateModified":"2024-01-28T20:37:14+00:00","breadcrumb":{"@id":"https:\/\/fenetredelareine.com\/?page_id=626#breadcrumb"},"inLanguage":"fr-FR","potentialAction":[{"@type":"ReadAction","target":["https:\/\/fenetredelareine.com\/?page_id=626"]}]},{"@type":"BreadcrumbList","@id":"https:\/\/fenetredelareine.com\/?page_id=626#breadcrumb","itemListElement":[{"@type":"ListItem","position":1,"name":"Accueil","item":"https:\/\/fenetredelareine.com\/"},{"@type":"ListItem","position":2,"name":"Mentions L\u00e9gales"}]},{"@type":"WebSite","@id":"https:\/\/fenetredelareine.com\/#website","url":"https:\/\/fenetredelareine.com\/","name":"La Fen\u00eatre de la Reine","description":"Optez pour l&#039;excellence avec la Fen\u00eatre de la reine, sp\u00e9cialiste de la pose de fen\u00eatres, volets et stores int\u00e9rieurs et ext\u00e9rieurs \u00e0 Boulogne-Billancourt.","publisher":{"@id":"https:\/\/fenetredelareine.com\/#organization"},"potentialAction":[{"@type":"SearchAction","target":{"@type":"EntryPoint","urlTemplate":"https:\/\/fenetredelareine.com\/?s={search_term_string}"},"query-input":{"@type":"PropertyValueSpecification","valueRequired":true,"valueName":"search_term_string"}}],"inLanguage":"fr-FR"},{"@type":"Organization","@id":"https:\/\/fenetredelareine.com\/#organization","name":"La Fen\u00eatre de la Reine","url":"https:\/\/fenetredelareine.com\/","logo":{"@type":"ImageObject","inLanguage":"fr-FR","@id":"https:\/\/fenetredelareine.com\/#\/schema\/logo\/image\/","url":"https:\/\/fenetredelareine.com\/wp-content\/uploads\/2023\/11\/cropped-NOUVEAU-LOGO-.jpg","contentUrl":"https:\/\/fenetredelareine.com\/wp-content\/uploads\/2023\/11\/cropped-NOUVEAU-LOGO-.jpg","width":642,"height":551,"caption":"La Fen\u00eatre de la Reine"},"image":{"@id":"https:\/\/fenetredelareine.com\/#\/schema\/logo\/image\/"}}]}},"_links":{"self":[{"href":"https:\/\/fenetredelareine.com\/index.php?rest_route=\/wp\/v2\/pages\/626","targetHints":{"allow":["GET"]}}],"collection":[{"href":"https:\/\/fenetredelareine.com\/index.php?rest_route=\/wp\/v2\/pages"}],"about":[{"href":"https:\/\/fenetredelareine.com\/index.php?rest_route=\/wp\/v2\/types\/page"}],"author":[{"embeddable":true,"href":"https:\/\/fenetredelareine.com\/index.php?rest_route=\/wp\/v2\/users\/1"}],"replies":[{"embeddable":true,"href":"https:\/\/fenetredelareine.com\/index.php?rest_route=%2Fwp%2Fv2%2Fcomments&post=626"}],"version-history":[{"count":4,"href":"https:\/\/fenetredelareine.com\/index.php?rest_route=\/wp\/v2\/pages\/626\/revisions"}],"predecessor-version":[{"id":630,"href":"https:\/\/fenetredelareine.com\/index.php?rest_route=\/wp\/v2\/pages\/626\/revisions\/630"}],"wp:attachment":[{"href":"https:\/\/fenetredelareine.com\/index.php?rest_route=%2Fwp%2Fv2%2Fmedia&parent=626"}],"curies":[{"name":"wp","href":"https:\/\/api.w.org\/{rel}","templated":true}]}}